of 5946787854?
8
What is the tens digit of 2848441130?
3
What is the units digit of 229597891?
1
What is the units digit of 1325156?
6
What is the thousands digit of 522457875?
7
What is the millions digit of 274061733?
4
What is the thousands digit of 67843308?
3
What is the tens digit of 20601211?
1
What is the hundreds digit of 1495010476?
4
What is the billions digit of 2470664019?
2
What is the ten millions digit of 39242572?
3
What is the hundred millions digit of 3006054571?
0
What is the hundreds digit of 226304429?
4
What is the ten thousands digit of 1432198031?
9
What is the hundred thousands digit of 81949836?
9
What is the hundred thousands digit of 302022025?
0
What is the units digit of 1834036503?
3
What is the ten thousands digit of 5063945010?
4
What is the millions digit of 3131591353?
1
What is the hundreds digit of 3205877621?
6
What is the hundred millions digit of 1323400067?
3
What is the ten millions digit of 221858563?
2
What is the units digit of 27599449?
9
What is the hundred millions digit of 1607061631?
6
What is the millions digit of 81965145?
1
What is the hundreds digit of 41575697?
6
What is the billions digit of 2421011718?
2
What is the ten thousands digit of 668674577?
7
What is the hundreds digit of 248668220?
2
What is the ten thousands digit of 108476521?
7
What is the ten millions digit of 783475808?
8
What is the thousands digit of 387323134?
3
What is the ten thousands digit of 159778971?
7
What is the ten thousands digit of 21010084?
1
What is the units digit of 98042887?
7
What is the hundreds digit of 478673179?
1
What is the thousands digit of 51108007?
8
What is the units digit of 1244692970?
0
What is the ten millions digit of 338302726?
3
What is the ten millions digit of 1649852474?
4
What is the thousands digit of 441004628?
4
What is the billions digit of 1229801178?
1
What is the tens digit of 1476821779?
7
What is the units digit of 418259467?
7
What is the ten thousands digit of 5074142386?
4
What is the ten millions digit of 526276714?
2
What is the hundreds digit of 3107129241?
2
What is the units digit of 385361419?
9
What is the ten thousands digit of 118918271?
1
What is the hundred thousands digit of 1358465563?
4
What is the millions digit of 188142720?
8
What is the units digit of 2375056518?
8
What is the millions digit of 1830876323?
0
What is the tens digit of 1532359527?
2
What is the hundred thousands digit of 41708205?
7
What is the ten millions digit of 36397686?
3
What is the hundreds digit of 47708635?
6
What is the ten thousands digit of 8756569?
5
What is the ten thousands digit of 317996042?
9
What is the hundred millions digit of 1488920462?
4
What is the hundred millions digit of 1370085427?
3
What is the millions digit of 50018444?
0
What is the hundred millions digit of 5891353239?
8
What is the units digit of 239217317?
7
What is the thousands digit of 12442456?
2
What is the tens digit of 46635828?
2
What is the ten thousands digit of 132856701?
5
What is the millions digit of 738726611?
8
What is the units digit of 903292079?
9
What is the hundreds digit of 157055865?
8
What is the tens digit of 128235233?
3
What is the units digit of 1655915226?
6
What is the hundreds digit of 607884988?
9
What is the hundred millions digit of 2552503213?
5
What is the ten thousands digit of 47758030?
5
What is the millions digit of 1047098512?
7
What is the ten thousands digit of 109524743?
2
What is the hundred thousands digit of 21307872?
3
What is the units digit of 5922680469?
9
What is the units digit of 74279841?
1
What is the units digit of 447198?
8
What is the hundred thousands digit of 362051103?
0
What is the ten thousands digit of 604391068?
9
What is the ten millions digit of 112533033?
1
What is the hundred millions digit of 283004959?
2
What is the hundred thousands digit of 1938901602?
9
What is the thousands digit of 370671880?
1
What is the millions digit of 9220135?
9
What is the millions digit of 185237212?
5
What is the hundred millions digit of 273543533?
2
What is the tens digit of 89735337?
3
What is the hundreds digit of 2252263615?
6
What is the thousands digit of 3277348650?
8
What is the thousands digit of 286050942?
0
What is the hundred millions digit of 125077753?
1
What is the ten thousands digit of 37146910?
4
What is the hundred thousands digit of 79338332?
3
What is the tens digit of 64588534?
3
What is the ten thousands digit of 116170155?
7
What is the millions digit of 919777737?
9
What is the thousands digit of 202229031?
9
What is the thousands digit of 574563794?
3
What is the millions digit of 822902001?
2
What is the units digit of 418668058?
8
What is the tens digit of 18258335?
3
What is the thousands digit of 2857402860?
2
What is the hundred thousands digit of 703432211?
4
What is the hundred millions digit of 1487798320?
4
What is the hundred millions digit of 220375684?
2
What is the ten millions digit of 32449234?
3
What is the millions digit of 315831965?
5
What is the hundreds digit of 265848491?
4
What is the millions digit of 509747641?
9
What is the ten thousands digit of 20705311?
0
What is the thousands digit of 60830337?
0
What is the thousands digit of 51146600?
6
What is the ten thousands digit of 42071227?
7
What is the hundred thousands digit of 211326379?
3
What is the hundred thousands digit of 292124762?
1
What is the ten millions digit of 1373101737?
7
What is the hundreds digit of 15727130?
1
What is the ten millions digit of 48802645?
4
What is the ten thousands digit of 1581789578?
8
What is the ten thousands digit of 1653277540?
7
What is the hundred millions digit of 403428932?
4
What is the ten thousands digit of 42150274?
5
What is the thousands digit of 86623213?
3
What is the ten thousands digit of 2310400808?
0
What is the hundreds digit of 37247905?
9
What is the hundreds digit of 172079200?
2
What is the hundred thousands digit of 2470174977?
1
What is the hundred thousands digit of 384731957?
7
What is the ten thousands digit of 2461610278?
1
What is the hundred thousands digit of 110890016?
8
What is the hundred millions digit of 228163758?
2
What is the millions digit of 12620361?
2
What is the millions digit of 1164237836?
4
What is the thousands digit of 1240584091?
4
What is the millions digit of 1732347381?
2
What is the units digit of 49479841?
1
What is the tens digit of 62472013?
1
What is the ten thousands digit of 3584725471?
2
What is the billions digit of 1259916503?
1
What is the thousands digit of 68252478?
2
What is the thousands digit of 88556727?
6
What is the hundreds digit of 507485701?
7
What is the hundred thousands digit of 115161113?
1
What is the millions digit of 7888885535?
8
What is the ten millions digit of 128733118?
2
What is the hundred millions digit of 367853629?
3
What is the hundred millions digit of 166622892?
1
What is the hundred millions digit of 251259278?
2
What is the thousands digit of 170601623?
1
What is the hundreds digit of 25420385?
3
What is the tens digit of 7919785734?
3
What is the hundred thousands digit of 565918913?
9
What is the hundreds digit of 9614988?
9
What is the hundred thousands digit of 444331909?
3
What is the thousands digit of 435341990?
1
What is the billions digit of 2062651580?
2
What is the ten thousands digit of 575650400?
5
What is the units digit of 148044918?
8
What is the millions digit of 14086690?
4
What is the ten thousands digit of 186286131?
8
What is the hundred thousands digit of 23851340?
8
What is the ten thousands digit of 465222058?
2
What is the hundred thousands digit of 437389159?
3
What is the hundred thousands digit of 72105661?
1
What is the millions digit of 1630759195?
0
What is the hundred millions digit of 224174727?
2
What is the ten millions digit of 10476099?
1
What is the ten thousands digit of 138066627?
6
What is the ten thousands digit of 228117603?
1
What is the hundred millions digit of 187743855?
1
What is the thousands digit of 691921595?
1
What is the hundred thousands digit of 1002251231?
2
What is the units digit of 113295465?
5
What is the hundreds digit of 1277100467?
4
What is the hundreds digit of 484746308?
3
What is the millions digit of 2013751491?
3
What is the hundreds digi